0441 a composite number?
False
Is 4617959 composite?
False
Is 119227 prime?
True
Is 55103 prime?
True
Is 22177 a prime number?
False
Is 14779 composite?
False
Is 17443 prime?
True
Is 37057 a prime number?
True
Is 6743 composite?
True
Is 14969 a composite number?
False
Is 7111 prime?
False
Is 1949 a composite number?
False
Is 55291 composite?
False
Is 71371 composite?
True
Is 7291 composite?
True
Is 60493 a composite number?
False
Is 524893 prime?
True
Is 227081 a prime number?
True
Is 540535 composite?
True
Is 1050631 composite?
False
Is 713179 composite?
True
Is 19529 a composite number?
True
Is 21767 composite?
False
Is 22901 composite?
False
Is 6587 prime?
False
Is 14501 composite?
True
Is 11149 a composite number?
False
Is 13331 a prime number?
True
Is 1768997 prime?
False
Is 10039 a prime number?
True
Is 10559 a prime number?
True
Is 139121 prime?
True
Is 1315519 a prime number?
True
Is 231943 a prime number?
True
Is 7613 prime?
False
Is 34409 a prime number?
False
Is 58483 prime?
False
Is 8501 prime?
True
Is 9041 prime?
True
Is 3755 composite?
True
Is 4727 a prime number?
False
Is 33257 prime?
False
Is 2279315 a composite number?
True
Is 121283 a prime number?
True
Is 299599 prime?
False
Is 563587 composite?
False
Is 354247 a prime number?
True
Is 7717 composite?
False
Is 396997 a composite number?
False
Is 1982 composite?
True
Is 361237 prime?
True
Is 652019 a prime number?
True
Is 86 composite?
True
Is 44921 a composite number?
True
Is 2385749 composite?
True
Is 2413 a composite number?
True
Is 119 a prime number?
False
Is 329 a prime number?
False
Is 6299 prime?
True
Is 180949 a prime number?
True
Is 16249 composite?
False
Is 934205 a prime number?
False
Is 23185 a prime number?
False
Is 18413 a prime number?
True
Is 1553 prime?
True
Is 47209 composite?
True
Is 8267 a composite number?
True
Is 15013 a composite number?
False
Is 221599 a prime number?
False
Is 72251 a composite number?
False
Is 25649 prime?
False
Is 65005 prime?
False
Is 8639 a prime number?
False
Is 133801 a composite number?
False
Is 46619 composite?
False
Is 187123 a composite number?
False
Is 1823 a composite number?
False
Is 11791 a composite number?
True
Is 83458 a composite number?
True
Is 121181 a composite number?
False
Is 484105 prime?
False
Is 72797 a composite number?
False
Is 32327 prime?
True
Is 191155 a composite number?
True
Is 400003 prime?
False
Is 12569 a composite number?
False
Is 555871 prime?
True
Is 78707 a composite number?
False
Is 743323 a prime number?
False
Is 21647 prime?
True
Is 5793 a composite number?
True
Is 1009 prime?
True
Is 187003 composite?
False
Is 50207 composite?
False
Is 955181 a composite number?
True
Is 25989 composite?
True
Is 217447 a composite number?
True
Is 152863 prime?
False
Is 4561 composite?
False
Is 108439 a prime number?
True
Is 150533 a composite number?
False
Is 811741 prime?
False
Is 111427 composite?
False
Is 2777 a prime number?
True
Is 14437 a composite number?
False
Is 1090249 a composite number?
False
Is 15883 prime?
False
Is 28277 a prime number?
True
Is 12707 composite?
True
Is 292717 a prime number?
True
Is 8026 prime?
False
Is 708413 a composite number?
True
Is 763 prime?
False
Is 23979 a composite number?
True
Is 64846 prime?
False
Is 25526 a composite number?
True
Is 86727 a composite number?
True
Is 105605 a composite number?
True
Is 2020511 composite?
False
Is 18839 a composite number?
False
Is 4791 a prime number?
False
Is 158089 prime?
False
Is 21647 composite?
False
Is 30011 prime?
True
Is 2321 prime?
False
Is 147997 a prime number?
True
Is 1343 a composite number?
True
Is 274111 a prime number?
False
Is 4307 a prime number?
False
Is 9089 a composite number?
True
Is 7411 a prime number?
True
Is 4881 composite?
True
Is 3863 a composite number?
False
Is 27211 prime?
True
Is 989623 composite?
False
Is 1103 a composite number?
False
Is 9239 a prime number?
True
Is 68261 a prime number?
True
Is 3299357 a composite number?
False
Is 978743 composite?
False
Is 114469 prime?
False
Is 78437 prime?
True
Is 36151 a prime number?
True
Is 796337 a prime number?
True
Is 213281 a composite number?
False
Is 86573 prime?
True
Is 1459 a prime number?
True
Is 409958 a prime number?
False
Is 4442 a prime number?
False
Is 1901 a composite number?
False
Is 4831 prime?
True
Is 1965389 a composite number?
False
Is 3593 a prime number?
True
Is 16457 composite?
True
Is 785569 composite?
False
Is 3103151 composite?
False
Is 134313 composite?
True
Is 251609 a composite number?
False
Is 59263 a prime number?
True
Is 229343 a composite number?
False
Is 29071 composite?
True
Is 841273 composite?
False
Is 493 a composite number?
True
Is 17707 prime?
True
Is 2293 a prime number?
True
Is 11341 prime?
False
Is 29917 a composite number?
False
Is 2019 prime?
False
Is 34 a prime number?
False
Is 25073 prime?
True
Is 25337 a prime number?
False
Is 3409 composite?
True
Is 28799 prime?
False
Is 473423 a prime number?
False
Is 21865 a composite number?
True
Is 240829 composite?
False
Is 957093 composite?
True
Is 4513 a composite number?
False
Is 13637 prime?
False
Is 26183 a prime number?
True
Is 441671 a composite number?
True
Is 470779 a prime number?
True
Is 28895 prime?
False
Is 7067 prime?
False
Is 1051057 composite?
True
Is 1858973 composite?
False
Is 2031037 a prime number?
True
Is 311 composite?
False
Is 1648081 composite?
False
Is 69899 a composite number?
False
Is 55643 a composite number?
True
Is 13151 prime?
True
Is 14242 a prime number?
False
Is 2668631 composite?
True
Is 12731 a composite number?
True
Is 22181 a composite number?
True
Is 252079 prime?
True
Is 1113773 a prime number?
True
Is 4222 composite?
True
Is 870127 composite?
False
Is 258617 composite?
False
Is 907 prime?
True
Is 48403 prime?
False
Is 227866 prime?
False
Is 883921 composite?
False
Is 261769 prime?
False
Is 4561 a composite number?
False
Is 6467 composite?
True
Is 52619 a composite number?
True
Is 36591 prime?
False
Is 30817 prime?
True
Is 2128951 composite?
True
Is 3577631 a composite number?
False
Is 69191 a composite number?
False
Is 1227763 a composite number?
True
Is 9816215 composite?
True
Is 61081 a prime number?
False
Is 32083 a prime number?
True
Is 259321 a composite number?
False
Is 15421 prime?
False
Is 1100063 a composite number?
False
Is 287089 a composite number?
True
Is 1009 a prime number?
True
Is 647 a prime number?
True
Is 30449 a prime number?
True
Is 354243 composite?
True
Is 264263 prime?
True
Is 99727 composite?
True
Is 299 a prime number?
False
Is 359981 a composite number?
False
Is 335323 a prime number?
True
Is 24359 a prime number?
True
Is 1667287 composite?
False
Is 23431 a composite number?
False
Is 112657 a prime number?
True
Is 1097657 prime?
False
Is 275779 a composite number?
True
Is 7499 prime?
True
Is 3641 composite?
True
Is 121027 prime?
False
Is 7655 prime?
False
Is 393667 a composite number?
False
Is 111013 prime?
False
Is 1127642 a composite number?
True
Is 1144339 a prime number?
False
Is 258949 a composite number?
False
Is 3409 prime?
False
Is 416693 prime?
True
Is 9613 prime?
True
Is 3659 composite?
False
Is 8171 composite?
False
Is 131959 composite?
False
Is 16246 composite?
True
Is 111079 prime?
False
Is 3191 a composite number?
False
Is 12671 prime?
True
Is 313309 composite?
True
Is 120293 a prime number?
True
Is 26801 composite?
False
Is 159682 a prime number?
False
Is 3845 prime?
False
Is 1511 prime?
True
Is 15227 prime?
True
Is 13367 prime?
True
Is 14369 a prime number?
True
Is 9091 a prime number?
True
Is 152027 a composite number?
False
Is 13859 a prime number?
True
Is 157721 composite?
False
Is 835661 composite?
False
Is 4853 prime?
False
Is 5293 a prime number?
False
Is 1467947 a prime number?
False
Is 131509 a prime number?
False
Is 2072087 a composite number?
False
Is 40721 prime?
False
Is 31511 a prime number?
True
Is 26963 a prime number?
False
Is 1838851 prime?
False
Is 10753 prime?
True
Is 25523 prime?
True
Is 134651 prime?
False
Is 5273 a prime number?
True
Is 25391 a composite number?
False
Is 8817 composite?
True
Is 146581 prime?
True
Is 1591831 composite?
True
Is 24593 a prime number?
True
Is 18229 a prime number?
True
Is 12385 a composite number?
True
Is 2161 prime?
True
Is 30529 compos